when 24685 is divided by 16?
13
What is the remainder when 1526 is divided by 505?
11
Calculate the remainder when 2480 is divided by 18.
14
Calculate the remainder when 302 is divided by 101.
100
What is the remainder when 295 is divided by 269?
26
What is the remainder when 51 is divided by 39?
12
Calculate the remainder when 216 is divided by 61.
33
What is the remainder when 10686 is divided by 21?
18
Calculate the remainder when 101 is divided by 34.
33
What is the remainder when 179 is divided by 45?
44
Calculate the remainder when 513 is divided by 43.
40
Calculate the remainder when 1460 is divided by 727.
6
Calculate the remainder when 6534 is divided by 13.
8
Calculate the remainder when 404 is divided by 21.
5
What is the remainder when 28 is divided by 10?
8
Calculate the remainder when 97 is divided by 7.
6
What is the remainder when 82 is divided by 25?
7
Calculate the remainder when 108 is divided by 28.
24
What is the remainder when 113 is divided by 14?
1
Calculate the remainder when 328 is divided by 56.
48
What is the remainder when 537 is divided by 194?
149
What is the remainder when 194 is divided by 45?
14
What is the remainder when 123 is divided by 42?
39
Calculate the remainder when 249 is divided by 64.
57
What is the remainder when 264 is divided by 109?
46
Calculate the remainder when 106 is divided by 12.
10
Calculate the remainder when 740 is divided by 14.
12
What is the remainder when 1746 is divided by 33?
30
Calculate the remainder when 830 is divided by 203.
18
Calculate the remainder when 1426 is divided by 353.
14
What is the remainder when 251 is divided by 59?
15
What is the remainder when 31224 is divided by 21?
18
Calculate the remainder when 371 is divided by 67.
36
What is the remainder when 650 is divided by 267?
116
What is the remainder when 10619 is divided by 30?
29
What is the remainder when 560 is divided by 53?
30
Calculate the remainder when 3199 is divided by 32.
31
What is the remainder when 171 is divided by 4?
3
Calculate the remainder when 1039 is divided by 29.
24
Calculate the remainder when 597 is divided by 266.
65
Calculate the remainder when 52 is divided by 6.
4
Calculate the remainder when 51 is divided by 10.
1
What is the remainder when 405 is divided by 24?
21
What is the remainder when 551 is divided by 123?
59
What is the remainder when 326 is divided by 10?
6
Calculate the remainder when 465 is divided by 150.
15
What is the remainder when 135 is divided by 61?
13
Calculate the remainder when 287 is divided by 73.
68
Calculate the remainder when 1907 is divided by 12.
11
Calculate the remainder when 723 is divided by 90.
3
What is the remainder when 412 is divided by 78?
22
What is the remainder when 68 is divided by 26?
16
What is the remainder when 816 is divided by 21?
18
What is the remainder when 72 is divided by 20?
12
What is the remainder when 1806 is divided by 13?
12
Calculate the remainder when 21 is divided by 21.
0
Calculate the remainder when 104974 is divided by 325.
324
What is the remainder when 814 is divided by 19?
16
Calculate the remainder when 20 is divided by 8.
4
Calculate the remainder when 149 is divided by 39.
32
What is the remainder when 60 is divided by 49?
11
Calculate the remainder when 236 is divided by 52.
28
What is the remainder when 625 is divided by 289?
47
What is the remainder when 56 is divided by 24?
8
What is the remainder when 286 is divided by 80?
46
What is the remainder when 3903 is divided by 16?
15
What is the remainder when 242 is divided by 122?
120
What is the remainder when 664 is divided by 98?
76
Calculate the remainder when 1407 is divided by 10.
7
Calculate the remainder when 226 is divided by 224.
2
What is the remainder when 212 is divided by 211?
1
What is the remainder when 2377 is divided by 3?
1
What is the remainder when 1004 is divided by 36?
32
Calculate the remainder when 391 is divided by 66.
61
Calculate the remainder when 2031 is divided by 18.
15
Calculate the remainder when 78 is divided by 22.
12
Calculate the remainder when 64 is divided by 32.
0
Calculate the remainder when 49 is divided by 36.
13
Calculate the remainder when 288 is divided by 143.
2
What is the remainder when 138 is divided by 40?
18
What is the remainder when 531 is divided by 44?
3
What is the remainder when 372 is divided by 124?
0
What is the remainder when 11252 is divided by 341?
340
Calculate the remainder when 1865 is divided by 71.
19
What is the remainder when 292 is divided by 236?
56
Calculate the remainder when 6172 is divided by 49.
47
Calculate the remainder when 203 is divided by 108.
95
Calculate the remainder when 79 is divided by 65.
14
Calculate the remainder when 518 is divided by 25.
18
What is the remainder when 120 is divided by 36?
12
What is the remainder when 682 is divided by 97?
3
What is the remainder when 306 is divided by 44?
42
What is the remainder when 1965 is divided by 34?
27
Calculate the remainder when 38 is divided by 9.
2
Calculate the remainder when 152 is divided by 14.
12
What is the remainder when 361 is divided by 15?
1
Calculate the remainder when 74 is divided by 25.
24
What is the remainder when 534 is divided by 15?
9
Calculate the remainder when 1656 is divided by 821.
14
What is the remainder when 682 is divided by 76?
74
Calculate the remainder when 664 is divided by 251.
162
Calculate the remainder when 5152 is divided by 2571.
10
Calculate the remainder when 252 is divided by 52.
44
What is the remainder when 23 is divided by 4?
3
Calculate the remainder when 311 is divided by 80.
71
What is the remainder when 1118 is divided by 556?
6
Calculate the remainder when 261 is divided by 41.
15
What is the remainder when 51 is divided by 10?
1
What is the remainder when 3796 is divided by 1234?
94
What is the remainder when 503 is divided by 164?
11
What is the remainder when 5168 is divided by 1030?
18
Calculate the remainder when 322 is divided by 130.
62
Calculate the remainder when 716 is divided by 45.
41
Calculate the remainder when 188 is divided by 92.
4
Calculate the remainder when 1376 is divided by 39.
11
Calculate the remainder when 804 is divided by 267.
3
What is the remainder when 597 is divided by 50?
47
Calculate the remainder when 87 is divided by 45.
42
What is the remainder when 46 is divided by 45?
1
What is the remainder when 1032 is divided by 23?
20
What is the remainder when 413 is divided by 26?
23
Calculate the remainder when 1693 is divided by 16.
13
Calculate the remainder when 158 is divided by 29.
13
What is the remainder when 14297 is divided by 13?
10
Calculate the remainder when 762 is divided by 336.
90
Calculate the remainder when 8005 is divided by 44.
41
What is the remainder when 5425 is divided by 9?
7
Calculate the remainder when 42 is divided by 23.
19
What is the remainder when 389 is divided by 103?
80
What is the remainder when 706 is divided by 648?
58
Calculate the remainder when 213 is divided by 26.
5
Calculate the remainder when 102 is divided by 68.
34
What is the remainder when 376 is divided by 95?
91
What is the remainder when 11901 is divided by 128?
125
Calculate the remainder when 932 is divided by 85.
82
Calculate the remainder when 4918 is divided by 88.
78
Calculate the remainder when 166 is divided by 31.
11
What is the remainder when 34 is divided by 20?
14
Calculate the remainder when 589 is divided by 244.
101
Calculate the remainder when 30 is divided by 13.
4
What is the remainder when 34179 is divided by 54?
51
What is the remainder when 687 is divided by 135?
12
Calculate the remainder when 268 is divided by 34.
30
Calculate the remainder when 225 is divided by 47.
37
What is the remainder when 3159 is divided by 79?
78
Calculate the remainder when 62 is divided by 58.
4
Calculate the remainder when 652 is divided by 163.
0
Calculate the remainder when 137 is divided by 49.
39
Calculate the remainder when 1781 is divided by 11.
10
What is the remainder when 188 is divided by 14?
6
Calculate the remainder when 6370 is divided by 12.
10
What is the remainder when 871 is divided by 231?
178
What is the remainder when 732 is divided by 266?
200
What is the remainder when 22 is divided by 12?
10
Calculate the remaind